Calculate the highest common divisor of o and 1958.
178
Let q be ((-14820)/28 - 6/(-21)) + 5. Let t = q + 587. What is the greatest common factor of 231 and t?
21
Let h be 9/(126/976) + (-4)/(-14). Suppose 10*s + 3*r - 51 = 7*s, -4*s - 2*r = -h. Calculate the greatest common factor of s and 2.
2
Suppose -2106 = -4*t - 2*r, 11*t - 8*t - 5*r - 1573 = 0. Let x = t + -484. Suppose -2*c + 7*c - 30 = 0. Calculate the highest common divisor of x and c.
6
Let p(b) = 274*b**3 - 273*b**2 + 8*b + 3. Let l be p(4). What is the greatest common divisor of 163 and l?
163
Let z(x) = 103*x - 1637. Let r be z(19). Calculate the greatest common divisor of 24 and r.
8
Suppose 1332*q + 2394 = 1346*q. Calculate the greatest common factor of q and 49419.
171
Suppose -117*p = -121*p + 40. Let q be p/50*1255 - 5. Calculate the highest common factor of 164 and q.
82
Let l be (-32)/(-40) + 1/(5/(-3254)). Let o = -350 - l. What is the greatest common factor of 12 and o?
12
Suppose -13 = -3*q + 5. Let w = -180260 - -180266. Calculate the greatest common divisor of w and q.
6
Suppose 0 = -4*s - 4*k + 6360, 6*k = -3*s + 8*k + 4795. Calculate the highest common divisor of 725 and s.
145
Let i(o) = -o**2 + 24*o - 2. Let g be i(24). Let h be 18*1/(g - -5). Let c be 128 + ((-69)/(-18) - (-1)/h). What is the greatest common divisor of c and 33?
33
Suppose -5*f + 16 + 9 = 0. Suppose 4*w - f*o - 300 = 0, -5*w + o = -277 - 119. Let m be (2 - 0) + (-56)/(-7). Calculate the highest common factor of w and m.
10
Let p(i) = -10*i**3 - 30*i**2 - 4*i + 2. Let g be p(-5). What is the highest common factor of g and 754?
58
Suppose 2087*i - 5*y = 2082*i + 235, 4*i = 2*y + 198. Calculate the greatest common divisor of 11804 and i.
52
Let a be -11 + 15 - 50/5. Let o be 135*(-6)/54*a. Calculate the greatest common divisor of 20 and o.
10
Suppose -4*c - 249842 = -5*n, 4*c - 301557 = -4*n - 101669. What is the greatest common factor of n and 19?
19
Let a(s) = -60*s + 11773. Let q be a(166). What is the highest common divisor of 1519 and q?
49
Let c(p) = -39*p + 4383. Let u be c(-63). Calculate the highest common divisor of u and 72.
72
Let n(q) be the second derivative of q**3/6 - 3*q**2/2 + 22*q + 1. Let o be n(11). What is the highest common factor of o and 2?
2
Suppose 7*h - 100 = -93. Let k be h*4 - (-199)/1. Calculate the greatest common factor of k and 29.
29
Let j = -239 - -176. Let v = j + 68. Calculate the greatest common divisor of v and 85.
5
Let v be (-3)/((-30)/(-8)*(-22)/55). Suppose -5*u - a + 286 = 0, -237 = -5*u - v*a + 50. What is the greatest common factor of u and 19?
19
Let n = -373 + 322. Let a be (4 - n) + -7 - 1. Calculate the greatest common divisor of a and 2.
1
Let a(t) = -t**2 - 24*t - 87. Let v be a(-19). Suppose -v*b + 757 = 245. What is the greatest common divisor of 208 and b?
16
Let o be (3 - 6/3)*5452/4. What is the highest common divisor of o and 29?
29
Let j be (1*(-1 + 4/(-2)))/(12/(-8)). What is the highest common divisor of 81 and j?
1
Let h(j) = 9*j**2 - j. Let a be h(-1). Suppose -g + a = 7. Suppose -g*b + 272 = -10. What is the greatest common factor of b and 47?
47
Suppose -41 = -u - 5*k + 60, -4*u + 388 = 4*k. Let i be (-45)/(-30) - 285/(-2). What is the highest common factor of i and u?
48
Suppose 2*l - 12 = 8. Let i be 12/18*((-9)/6)/1. Let s be 18*3/(l + i). Calculate the highest common divisor of s and 15.
3
Let o be ((-456)/608)/(1/(-6648)). Calculate the greatest common divisor of 18 and o.
18
Let p be 5 + (-138)/24 + 30/8. Suppose -p = -3*q - 489. Let b be (-46)/(-10) - (5 + q/30). What is the greatest common divisor of 15 and b?
5
Let f be (-29)/(7540/1627704)*20/(-6). What is the greatest common factor of 282 and f?
282
Let x = -62 - -34. Let t be ((-36)/24)/(6/x). Suppose 78 + 48 = t*p. Calculate the greatest common divisor of p and 72.
18
Let q be 28/(-1) - (-57 - 373). Calculate the greatest common divisor of q and 2613.
201
Let k(w) = -21*w - 2*w**2 + 22*w - 803*w**3 + w**2 + 2*w**2. Let z be k(-1). What is the highest common factor of 73 and z?
73
Let c be (5022/(-124))/((-15)/20). What is the greatest common divisor of c and 150?
6
Let f be 108/((98/4)/(-7) - (58 - 63)). Calculate the greatest common factor of f and 11484.
36
Suppose -7*v + 276 = -3*v + 4*s, 5*v - 345 = -2*s. Let l(f) = 102*f - 3057. Let w be l(30). What is the highest common divisor of v and w?
3
Let x(n) = -n + 47. Let j be x(41). Suppose 0 = -6*z + 236 - 2. Calculate the highest common factor of z and j.
3
Let t be 3/6 - 658/(-4). Suppose 31974 = 635*z + 11432 - 119158. Calculate the greatest common factor of t and z.
55
Suppose -363*l - 204 = -351*l. Let i(j) = 4*j + 298. Let c be i(l). What is the greatest common factor of 20 and c?
10
Let f(s) = 29*s - 13. Let p be f(4). Let j = p + -79. Let m = -128 - -224. Calculate the greatest common factor of j and m.
24
Suppose 72*r + 1195 = 331. Let s be ((-5661)/r)/17 - (-1)/4. What is the highest common factor of 294 and s?
14
Suppose -144*c = -7969 - 427 - 16660. What is the greatest common divisor of c and 5162?
58
Let n be (-10 + ((-832)/(-39))/8)*(-825)/2. What is the greatest common factor of n and 4950?
275
Suppose -56 = -4*p + 296. Suppose -4*g = i + 44, 0 = 71*i - 74*i - 2*g - 122. Let n = p + i. What is the highest common factor of 72 and n?
24
Let o = 18 - -84. Let a = o - 58. What is the highest common divisor of a and 77?
11
Let i be (-21)/6*-2*(-33)/(-77). Let h be i*(-3 + 38*(-12)/(-9)). What is the highest common factor of 13 and h?
13
Let d(u) = -2*u**3 - 61*u**2 + 131*u + 458. Let t be d(-34). What is the highest common divisor of 640 and t?
128
Let t be -2 - 7/(-1) - (1 - 9). Suppose -38 = 2*l - 6*l - 5*n, -2*l + 5*n = -34. Suppose l = -9*z + t*z. Calculate the highest common factor of 21 and z.
3
Suppose 112 = -35*i + 51*i. Let q(h) = h**3 + 6*h**2 - 19*h - 22. Let w be q(-8). Calculate the highest common factor of w and i.
1
Let v(g) = -36*g**3 - 3*g**2 + 43*g + 45. Let h be v(-1). Calculate the greatest common factor of 539 and h.
7
Let v be 92 + 2 - (-180)/(-45). What is the highest common factor of 66 and v?
6
Let u = -1280 + 1288. Let t be (7/2 - 4)*-6. What is the highest common divisor of t and u?
1
Let d be (45/6)/((-3)/(-18)). Suppose -17*t - 5 = -22*t. Let l(k) = 18*k**3 + k - 1. Let o be l(t). Calculate the highest common factor of o and d.
9
Let z = 4779 - 4757. Calculate the highest common factor of z and 5137.
11
Suppose 2*o = 7*o + 2*a - 97, 0 = 5*a + 20. Let x = o + -17. Suppose -3*w = -x*w + 13. What is the highest common divisor of 13 and w?
13
Suppose 7*o + 3320 = 90*o. Let l(k) = -67*k + 9. Let c be l(-13). What is the highest common factor of o and c?
40
Let u(m) be the second derivative of m**5/20 - 2*m**4/3 + 4*m**3/3 + m**2 - 48*m. Let f be u(7). Calculate the greatest common factor of f and 15.
3
Suppose 461*d - 1568 = 445*d. Calculate the highest common divisor of d and 6272.
98
Let z = -33080 + 33508. Calculate the highest common divisor of z and 112.
4
Let z(x) = -x + 3. Let b be z(6). Let j be 105/(-14)*((b - -1) + 0). Let d = -13 + j. What is the greatest common factor of 18 and d?
2
Let k be -200 + 194 - (-1639 - 1). Calculate the highest common factor of k and 86.
86
Let c(s) = -113*s**3 - 101*s**2 - 489*s - 28. Let i be c(-5). Calculate the greatest common divisor of i and 321.
107
Suppose 16 = -2*x + 6*x. Let b be 9*(2 + x/(-6)). Let c(k) = k**3 + 18*k**2 - 19*k + 3. Let t be c(-19). What is the greatest common divisor of b and t?
3
Let b be 3 - 3 - -1 - 21/((-189)/711). Suppose 3*t + 3*v - 4*v = 93, 4*t - 131 = -v. What is the highest common factor of b and t?
16
Let f be 51/34*11456/24. Calculate the greatest common divisor of 8 and f.
4
Let i(o) = 287*o**2 - 3*o + 2. Let x be i(1). Let s = x + -280. Calculate the highest common divisor of 21 and s.
3
Let w(m) = -2177*m**3 - 6*m**2 + 2*m + 2. Let y be w(-1). Calculate the highest common factor of 26 and y.
13
Let o = 7978 + -7788. Calculate the highest common divisor of 6935 and o.
95
Let h be (-7)/(7/3) - (0 - 31). Let l be (-5 + 9)/(((-12)/(-6))/4). Calculate the highest common factor of h and l.
4
Let f be (-372)/(-3) + -2 + -2 + -4 + 2. Calculate the greatest common factor of 7434 and f.
118
Let r be (-2473)/(-